{"id":309,"date":"2025-01-02T17:14:26","date_gmt":"2025-01-02T17:14:26","guid":{"rendered":"https:\/\/www.foto-tichy.cz\/?page_id=309"},"modified":"2025-08-22T17:22:45","modified_gmt":"2025-08-22T17:22:45","slug":"uvodni","status":"publish","type":"page","link":"https:\/\/www.foto-tichy.cz\/","title":{"rendered":"120 tis\u00edc d\u00edky V\u00e1m&#8230;"},"content":{"rendered":"\n<p style=\"font-size:21px;letter-spacing:0.5px\">D\u011bkujeme za skv\u011bl\u00fd fotografick\u00fd rok.<\/p>\n\n\n\n<p class=\"has-medium-font-size\" style=\"font-style:normal;font-weight:600\">Rok 2024 byl pro n\u00e1s jedn\u00edm velk\u00fdm dobrodru\u017estv\u00edm \u2013 a to hlavn\u011b d\u00edky v\u00e1m! N\u00e1\u0161 datov\u00fd archiv vydal sv\u011bdectv\u00ed \ud83d\ude42 D\u00edky va\u0161\u00ed podpo\u0159e jsme mohli p\u0159i svatb\u00e1ch, v ateli\u00e9ru, a hlavn\u011b ve \u0161kol\u00e1ch a \u0161kolk\u00e1ch, zachytit v\u00edce ne\u017e 120 tis\u00edc z\u00e1b\u011br\u016f, pe\u010dliv\u011b z nich vybrat, graficky upravit a doru\u010dit v\u00e1m vzpom\u00ednky, kter\u00e9 vydr\u017e\u00ed nav\u017edy.<\/p>\n\n\n\n<p class=\"has-medium-font-size\">Va\u0161e objedn\u00e1vky n\u00e1m umo\u017enily posunout se zase o krok d\u00e1l \u2013 investovali jsme do nov\u00e9 techniky, kter\u00e1 n\u00e1m pom\u00e1h\u00e1 p\u0159in\u00e1\u0161et je\u0161t\u011b kvalitn\u011bj\u0161\u00ed fotografie, a zdokonalili jsme n\u00e1\u0161 e-shop, aby byl pro v\u00e1s co nejpohodln\u011bj\u0161\u00ed. Va\u0161e zp\u011btn\u00e1 vazba je pro n\u00e1s neoceniteln\u00fdm zdrojem inspirace a pom\u00e1h\u00e1 n\u00e1m d\u011blat na\u0161i pr\u00e1ci je\u0161t\u011b l\u00e9pe. Na tento rok p\u0159ipravujeme dal\u0161\u00ed vylep\u0161en\u00ed e-shopu, hlavn\u011b v nab\u00eddce datov\u00fdch soubor\u016f, a tak\u00e9 vylep\u0161en\u00ed komunika\u010dn\u00edho modulu, abychom byli schopni rychleji reagovat na va\u0161e dotazy a podn\u011bty, za kter\u00e9 znovu d\u011bkujeme.<\/p>\n\n\n\n<p class=\"has-medium-font-size\" style=\"font-style:normal;font-weight:600\">Velmi si v\u00e1\u017e\u00edme va\u0161\u00ed d\u016fv\u011bry a p\u0159\u00edzn\u011b. U\u017e te\u010f se t\u011b\u0161\u00edme, co spole\u010dn\u011b vytvo\u0159\u00edme v roce 2025 \u2013 proto\u017ee pr\u00e1v\u011b d\u00edky v\u00e1m m\u016f\u017eeme d\u011blat to, co n\u00e1s bav\u00ed nejv\u00edc: zachycovat jedine\u010dn\u00e9 okam\u017eiky a tvo\u0159it vzpom\u00ednky.<\/p>\n\n\n\n<p class=\"has-medium-font-size\">Je\u0161t\u011b jednou d\u011bkujeme, \u017ee jste s n\u00e1mi. Nem\u016f\u017eeme se do\u010dkat dal\u0161\u00ed spole\u010dn\u00e9 sez\u00f3ny v roce 2025!\u201c<\/p>\n\n\n\n<p style=\"font-size:21px;letter-spacing:0.5px\">S \u00fasm\u011bvem a prstem p\u0159ipraven\u00fdm na spou\u0161ti, v\u00e1\u0161 fotograf<\/p>\n\n\n\n<p class=\"has-text-align-right\" style=\"font-size:29px;font-style:normal;font-weight:600;letter-spacing:0.5px\">Petr Tich\u00fd<\/p>\n\n\n\n<div class=\"wp-block-group alignfull has-background-color has-white-color has-black-background-color has-text-color has-background has-link-color wp-elements-704432683c966ad693bb620c1ab6ee37 is-vertical is-content-justification-stretch is-layout-flex wp-container-core-group-is-layout-47eb2bc5 wp-block-group-is-layout-flex\" style=\"min-height:40vh;margin-top:0;margin-bottom:0;padding-top:var(--wp--preset--spacing--60);padding-right:var(--wp--preset--spacing--40);padding-bottom:var(--wp--preset--spacing--60);padding-left:var(--wp--preset--spacing--40)\">\n<div class=\"wp-block-columns alignwide has-small-font-size is-layout-flex wp-container-core-columns-is-layout-9d6595d7 wp-block-columns-is-layout-flex\">\n<div class=\"wp-block-column is-layout-flow wp-block-column-is-layout-flow\">\n<p class=\"has-text-align-center\">Adresa<\/p>\n\n\n\n<p class=\"has-text-align-center\">Palack\u00e9ho t\u0159\u00edda 51\/20,&nbsp;<br>Nymburk, PS\u010c 288 02<br>\u010cesk\u00e1 republika<\/p>\n\n\n\n<div style=\"height:24px\" aria-hidden=\"true\" class=\"wp-block-spacer\"><\/div>\n<\/div>\n\n\n\n<div class=\"wp-block-column is-layout-flow wp-block-column-is-layout-flow\">\n<p class=\"has-text-align-center\">str\u00e1nky<\/p>\n\n\n<nav class=\"has-small-font-size items-justified-center is-vertical no-wrap wp-block-navigation is-content-justification-center is-nowrap is-layout-flex wp-container-core-navigation-is-layout-685400d0 wp-block-navigation-is-layout-flex\" aria-label=\"Navigace 3\"><ul class=\"wp-block-navigation__container has-small-font-size items-justified-center is-vertical no-wrap wp-block-navigation has-small-font-size\"><li class=\"has-small-font-size wp-block-navigation-item wp-block-navigation-link\"><a class=\"wp-block-navigation-item__content\"  href=\"https:\/\/www.foto-tichy.cz\/?page_id=192\"><span class=\"wp-block-navigation-item__label\">Atelier<\/span><\/a><\/li><li class=\"has-small-font-size wp-block-navigation-item wp-block-navigation-link\"><a class=\"wp-block-navigation-item__content\"  href=\"http:\/\/www.foto-tichy.cz\/?page_id=173\"><span class=\"wp-block-navigation-item__label\">.. o mn\u011b<\/span><\/a><\/li><li class=\"has-small-font-size wp-block-navigation-item wp-block-navigation-link\"><a class=\"wp-block-navigation-item__content\"  href=\"https:\/\/www.fototichy.com\/\" target=\"_blank\"  ><span class=\"wp-block-navigation-item__label\">st\u00e1vaj\u00edc\u00ed str\u00e1nky<\/span><\/a><\/li><li class=\"has-small-font-size wp-block-navigation-item wp-block-navigation-link\"><a class=\"wp-block-navigation-item__content\"  href=\"https:\/\/shop.fotomarket.cz\/\" target=\"_blank\"  ><span class=\"wp-block-navigation-item__label\">E-Shop Fotomarket<\/span><\/a><\/li><\/ul><\/nav>\n\n\n<div style=\"height:24px\" aria-hidden=\"true\" class=\"wp-block-spacer\"><\/div>\n<\/div>\n\n\n\n<div class=\"wp-block-column is-layout-flow wp-block-column-is-layout-flow\">\n<p class=\"has-text-align-center\">Follow us<\/p>\n\n\n\n<div class=\"wp-block-group is-vertical is-content-justification-center is-layout-flex wp-container-core-group-is-layout-bdd043ae wp-block-group-is-layout-flex\">\n<p><a href=\"https:\/\/www.facebook.com\/fotoateliertichy\" target=\"_blank\" rel=\"noreferrer noopener\">Facebook<\/a><\/p>\n\n\n\n<p><a href=\"https:\/\/www.instagram.com\/fotoatelier_tichy\/\" target=\"_blank\" rel=\"noreferrer noopener\">Instagram<\/a><\/p>\n<\/div>\n\n\n\n<div style=\"height:24px\" aria-hidden=\"true\" class=\"wp-block-spacer\"><\/div>\n<\/div>\n<\/div>\n\n\n\n<div class=\"wp-block-group alignwide is-content-justification-center is-layout-flex wp-container-core-group-is-layout-5590e8cb wp-block-group-is-layout-flex\">\n<p class=\"has-text-align-center has-small-font-size\">Vytvo\u0159il Petr Tich\u00fd,   2023<\/p>\n<\/div>\n<\/div>\n","protected":false},"excerpt":{"rendered":"<p>D\u011bkujeme za skv\u011bl\u00fd fotografick\u00fd rok. Rok 2024 byl pro n\u00e1s jedn\u00edm velk\u00fdm dobrodru\u017estv\u00edm \u2013 a to hlavn\u011b d\u00edky v\u00e1m! N\u00e1\u0161 datov\u00fd archiv vydal sv\u011bdectv\u00ed \ud83d\ude42 D\u00edky va\u0161\u00ed podpo\u0159e jsme mohli p\u0159i svatb\u00e1ch, v ateli\u00e9ru, a hlavn\u011b ve \u0161kol\u00e1ch a \u0161kolk\u00e1ch, zachytit v\u00edce ne\u017e 120 tis\u00edc z\u00e1b\u011br\u016f, pe\u010dliv\u011b z nich vybrat, graficky upravit a doru\u010dit v\u00e1m &hellip; <\/p>\n","protected":false},"author":1,"featured_media":0,"parent":0,"menu_order":0,"comment_status":"closed","ping_status":"closed","template":"","meta":{"footnotes":""},"class_list":["post-309","page","type-page","status-publish","hentry"],"_links":{"self":[{"href":"https:\/\/www.foto-tichy.cz\/index.php?rest_route=\/wp\/v2\/pages\/309","targetHints":{"allow":["GET"]}}],"collection":[{"href":"https:\/\/www.foto-tichy.cz\/index.php?rest_route=\/wp\/v2\/pages"}],"about":[{"href":"https:\/\/www.foto-tichy.cz\/index.php?rest_route=\/wp\/v2\/types\/page"}],"author":[{"embeddable":true,"href":"https:\/\/www.foto-tichy.cz\/index.php?rest_route=\/wp\/v2\/users\/1"}],"replies":[{"embeddable":true,"href":"https:\/\/www.foto-tichy.cz\/index.php?rest_route=%2Fwp%2Fv2%2Fcomments&post=309"}],"version-history":[{"count":16,"href":"https:\/\/www.foto-tichy.cz\/index.php?rest_route=\/wp\/v2\/pages\/309\/revisions"}],"predecessor-version":[{"id":830,"href":"https:\/\/www.foto-tichy.cz\/index.php?rest_route=\/wp\/v2\/pages\/309\/revisions\/830"}],"wp:attachment":[{"href":"https:\/\/www.foto-tichy.cz\/index.php?rest_route=%2Fwp%2Fv2%2Fmedia&parent=309"}],"curies":[{"name":"wp","href":"https:\/\/api.w.org\/{rel}","templated":true}]}}

120 tisíc díky Vám&#8230;

<p style="font-size:21px;letter-spacing:0.5px">Děkujeme za skvělý fotografický rok.</p>



<p class="has-medium-font-size" style="font-style:normal;font-weight:600">Rok 2024 byl pro nás jedním velkým dobrodružstvím – a to hlavně díky vám! Náš datový archiv vydal svědectví 🙂 Díky vaší podpoře jsme mohli při svatbách, v ateliéru, a hlavně ve školách a školkách, zachytit více než 120 tisíc záběrů, pečlivě z nich vybrat, graficky upravit a doručit vám vzpomínky, které vydrží navždy.</p>



<p class="has-medium-font-size">Vaše objednávky nám umožnily posunout se zase o krok dál – investovali jsme do nové techniky, která nám pomáhá přinášet ještě kvalitnější fotografie, a zdokonalili jsme náš e-shop, aby byl pro vás co nejpohodlnější. Vaše zpětná vazba je pro nás neocenitelným zdrojem inspirace a pomáhá nám dělat naši práci ještě lépe. Na tento rok připravujeme další vylepšení e-shopu, hlavně v nabídce datových souborů, a také vylepšení komunikačního modulu, abychom byli schopni rychleji reagovat na vaše dotazy a podněty, za které znovu děkujeme.</p>



<p class="has-medium-font-size" style="font-style:normal;font-weight:600">Velmi si vážíme vaší důvěry a přízně. Už teď se těšíme, co společně vytvoříme v roce 2025 – protože právě díky vám můžeme dělat to, co nás baví nejvíc: zachycovat jedinečné okamžiky a tvořit vzpomínky.</p>



<p class="has-medium-font-size">Ještě jednou děkujeme, že jste s námi. Nemůžeme se dočkat další společné sezóny v roce 2025!“</p>



<p style="font-size:21px;letter-spacing:0.5px">S úsměvem a prstem připraveným na spoušti, váš fotograf</p>



<p class="has-text-align-right" style="font-size:29px;font-style:normal;font-weight:600;letter-spacing:0.5px">Petr Tichý</p>



<div class="wp-block-group alignfull has-background-color has-white-color has-black-background-color has-text-color has-background has-link-color wp-elements-704432683c966ad693bb620c1ab6ee37 is-vertical is-content-justification-stretch is-layout-flex wp-container-core-group-is-layout-47eb2bc5 wp-block-group-is-layout-flex" style="min-height:40vh;margin-top:0;margin-bottom:0;padding-top:var(--wp--preset--spacing--60);padding-right:var(--wp--preset--spacing--40);padding-bottom:var(--wp--preset--spacing--60);padding-left:var(--wp--preset--spacing--40)">
<div class="wp-block-columns alignwide has-small-font-size is-layout-flex wp-container-core-columns-is-layout-9d6595d7 wp-block-columns-is-layout-flex">
<div class="wp-block-column is-layout-flow wp-block-column-is-layout-flow">
<p class="has-text-align-center">Adresa</p>



<p class="has-text-align-center">Palackého třída 51/20,&nbsp;<br>Nymburk, PSČ 288 02<br>Česká republika</p>



<div style="height:24px" aria-hidden="true" class="wp-block-spacer"></div>
</div>



<div class="wp-block-column is-layout-flow wp-block-column-is-layout-flow">
<p class="has-text-align-center">stránky</p>


<nav class="has-small-font-size items-justified-center is-vertical no-wrap wp-block-navigation is-content-justification-center is-nowrap is-layout-flex wp-container-core-navigation-is-layout-685400d0 wp-block-navigation-is-layout-flex" aria-label="Navigace 3"><ul class="wp-block-navigation__container has-small-font-size items-justified-center is-vertical no-wrap wp-block-navigation has-small-font-size"><li class="has-small-font-size wp-block-navigation-item wp-block-navigation-link"><a class="wp-block-navigation-item__content"  href="https://www.foto-tichy.cz/?page_id=192"><span class="wp-block-navigation-item__label">Atelier</span></a></li><li class="has-small-font-size wp-block-navigation-item wp-block-navigation-link"><a class="wp-block-navigation-item__content"  href="http://www.foto-tichy.cz/?page_id=173"><span class="wp-block-navigation-item__label">.. o mně</span></a></li><li class="has-small-font-size wp-block-navigation-item wp-block-navigation-link"><a class="wp-block-navigation-item__content"  href="https://www.fototichy.com/" target="_blank"  ><span class="wp-block-navigation-item__label">stávající stránky</span></a></li><li class="has-small-font-size wp-block-navigation-item wp-block-navigation-link"><a class="wp-block-navigation-item__content"  href="https://shop.fotomarket.cz/" target="_blank"  ><span class="wp-block-navigation-item__label">E-Shop Fotomarket</span></a></li></ul></nav>


<div style="height:24px" aria-hidden="true" class="wp-block-spacer"></div>
</div>



<div class="wp-block-column is-layout-flow wp-block-column-is-layout-flow">
<p class="has-text-align-center">Follow us</p>



<div class="wp-block-group is-vertical is-content-justification-center is-layout-flex wp-container-core-group-is-layout-bdd043ae wp-block-group-is-layout-flex">
<p><a href="https://www.facebook.com/fotoateliertichy" target="_blank" rel="noreferrer noopener">Facebook</a></p>



<p><a href="https://www.instagram.com/fotoatelier_tichy/" target="_blank" rel="noreferrer noopener">Instagram</a></p>
</div>



<div style="height:24px" aria-hidden="true" class="wp-block-spacer"></div>
</div>
</div>



<div class="wp-block-group alignwide is-content-justification-center is-layout-flex wp-container-core-group-is-layout-5590e8cb wp-block-group-is-layout-flex">
<p class="has-text-align-center has-small-font-size">Vytvořil Petr Tichý,   2023</p>
</div>
</div>

<p>Děkujeme za skvělý fotografický rok. Rok 2024 byl pro nás jedním velkým dobrodružstvím – a to hlavně díky vám! Náš datový archiv vydal svědectví 🙂 Díky vaší podpoře jsme mohli při svatbách, v ateliéru, a hlavně ve školách a školkách, zachytit více než 120 tisíc záběrů, pečlivě z nich vybrat, graficky upravit a doručit vám &hellip; </p>
