{"id":173,"date":"2025-01-02T20:29:07","date_gmt":"2025-01-02T20:29:07","guid":{"rendered":"http:\/\/www.foto-tichy.cz\/?page_id=173"},"modified":"2025-12-04T02:05:44","modified_gmt":"2025-12-04T02:05:44","slug":"informace","status":"publish","type":"page","link":"https:\/\/www.foto-tichy.cz\/?page_id=173","title":{"rendered":"o mn\u011b"},"content":{"rendered":"\n<h2 class=\"wp-block-heading has-large-font-size\"><strong>Petr Tich\u00fd<\/strong><\/h2>\n\n\n\n<div class=\"wp-block-media-text alignwide is-stacked-on-mobile is-vertically-aligned-center has-background\" style=\"background-color:#fffdea;grid-template-columns:41% auto\"><figure class=\"wp-block-media-text__media\"><img loading=\"lazy\" decoding=\"async\" width=\"514\" height=\"483\" src=\"http:\/\/www.foto-tichy.cz\/wp-content\/uploads\/2024\/09\/Petr-1.jpg\" alt=\"\" class=\"wp-image-34 size-full\" srcset=\"https:\/\/www.foto-tichy.cz\/wp-content\/uploads\/2024\/09\/Petr-1.jpg 514w, https:\/\/www.foto-tichy.cz\/wp-content\/uploads\/2024\/09\/Petr-1-300x282.jpg 300w\" sizes=\"auto, (max-width: 514px) 100vw, 514px\" \/><\/figure><div class=\"wp-block-media-text__content\">\n<div class=\"wp-block-group\" style=\"padding-top:2em;padding-right:2em;padding-bottom:2em;padding-left:2em\"><div class=\"wp-block-group__inner-container is-layout-flow wp-block-group-is-layout-flow\">\n<p class=\"has-medium-font-size\" style=\"line-height:1.2\"><em>Jsem fotograf specializuj\u00edc\u00ed se na svatebn\u00ed ob\u0159ady a ateli\u00e9rovou fotografii ji\u017e v\u00edce ne\u017e 25 let. B\u011bhem t\u011bchto let jsem nasb\u00edral bohat\u00e9 zku\u0161enosti, kter\u00e9 v kombinaci s profesion\u00e1ln\u00ed v\u00fdbavou a vst\u0159\u00edcn\u00fdm p\u0159\u00edstupem vedou k vynikaj\u00edc\u00edm v\u00fdsledk\u016fm a pozitivn\u00edm ohlas\u016fm od z\u00e1kazn\u00edk\u016f.<\/em><\/p>\n\n\n\n<p style=\"font-size:18px\">tel.: 602 624715&nbsp;<br>atelier@foto-tichy.cz<br>Palack\u00e9ho t\u0159\u00edda 51\/20<br>Nymburk, 288 02<br>I\u010c: 76406865<\/p>\n<\/div><\/div>\n<\/div><\/div>\n\n\n\n<p>Fotografii se v\u011bnuji v\u00edc ne\u017e 20 let. Za tu dobu jsem stihl poznat, \u017ee opravdu dobr\u00e1 fotka nen\u00ed o dokonal\u00e9 p\u00f3ze nebo drah\u00e9 technice, ale o atmosf\u00e9\u0159e.<br>O sv\u011btle, o klidu, o d\u016fv\u011b\u0159e.<br>A hlavn\u011b o lidech.<\/p>\n\n\n\n<p>Fot\u00edm svatby, rodiny, d\u011bti i portr\u00e9ty v ateli\u00e9ru. Ka\u017ed\u00fd typ focen\u00ed m\u00e1 sv\u016fj vlastn\u00ed rytmus a energii \u2014 a m\u011b bav\u00ed hledat zp\u016fsoby, jak je zachytit p\u0159irozen\u011b.<br>A\u0165 u\u017e jde o emoce svatebn\u00edho dne, uvoln\u011bnou rodinnou chv\u00edli nebo jemn\u00fd portr\u00e9t v ateli\u00e9ru, m\u00fdm c\u00edlem je, aby fotografie p\u016fsobily opravdov\u011b a m\u011bly pro v\u00e1s trvalou hodnotu.<\/p>\n\n\n\n<p>Ateli\u00e9r je pro m\u011b m\u00edsto, kde se d\u00e1 tvo\u0159it v \u00fapln\u00e9m klidu. Pracuji s jemn\u00fdm sv\u011btlem, \u010distou kompozic\u00ed a sc\u00e9nami, kter\u00e9 pravideln\u011b obm\u011b\u0148uji, aby m\u011bly sn\u00edmky sv\u016fj vlastn\u00ed charakter.<br>M\u00e1m r\u00e1d, kdy\u017e si klienti odn\u00e1\u0161ej\u00ed nejen v\u00fdsledn\u00e9 fotografie, ale i p\u0159\u00edjemn\u00fd z\u00e1\u017eitek z cel\u00e9ho focen\u00ed \u2014 chv\u00edli, kdy je mo\u017en\u00e9 zpomalit, nadechnout se a b\u00fdt sami sebou.<\/p>\n\n\n\n<p>U svatebn\u00edho focen\u00ed zase oce\u0148uji tu sm\u011bs emoc\u00ed, sv\u011btla a atmosf\u00e9ry, kter\u00e1 se ned\u00e1 napl\u00e1novat.<br>Ka\u017ed\u00e1 svatba m\u00e1 jin\u00fd p\u0159\u00edb\u011bh a jin\u00fd tep. A j\u00e1 se sna\u017e\u00edm b\u00fdt nejen fotografem, ale tich\u00fdm pozorovatelem, kter\u00fd zachyt\u00ed momenty, je\u017e by jinak utekly.<\/p>\n\n\n\n<p>V dne\u0161n\u00ed rychl\u00e9 dob\u011b se spousta v\u011bc\u00ed m\u011bn\u00ed \u2014 trendy, z\u00e1\u017eitky i dny, kter\u00e9 ute\u010dou d\u0159\u00edv, ne\u017e si je stihneme u\u017e\u00edt.<br>O to v\u00edc v\u011b\u0159\u00edm tomu, \u017ee stoj\u00ed za to uchovat chv\u00edle, kter\u00e9 maj\u00ed opravdov\u00fd smysl.<br>Kr\u00e1tk\u00e9 okam\u017eiky, kter\u00e9 d\u00edky fotografii z\u016fstanou \u017eiv\u00e9. Ne jako strojen\u00e1 p\u00f3za, ale jako vzpom\u00ednka, ke kter\u00e9 se m\u016f\u017eete kdykoli vr\u00e1tit.<\/p>\n\n\n\n<p><strong>M\u00fdm p\u0159\u00e1n\u00edm je, aby moje fotografie dok\u00e1zaly i po letech vyvolat stejn\u00e9 pocity, jak\u00e9 jste pro\u017e\u00edvali v ten den.<\/strong><br>A\u0165 u\u017e jde o svatbu, rodinn\u00e9 focen\u00ed, t\u011bhotensk\u00fd portr\u00e9t nebo prvn\u00ed t\u00fddny s miminkem.<\/p>\n\n\n\n<p>Zakl\u00e1d\u00e1m si na klidu, \u00fact\u011b a atmosf\u00e9\u0159e, kde m\u016f\u017eete b\u00fdt sami sebou.<br>A pokud v\u00e1s moje fotografie oslov\u00ed, bude mi ct\u00ed st\u00e1t u va\u0161eho p\u0159\u00edb\u011bhu i s fotoapar\u00e1tem.<\/p>\n\n\n<div class=\"wp-block-image\">\n<figure class=\"alignright size-full is-resized\"><img loading=\"lazy\" decoding=\"async\" width=\"1024\" height=\"1024\" src=\"http:\/\/www.foto-tichy.cz\/wp-content\/uploads\/2025\/12\/Podpis-jmeno_web.png\" alt=\"\" class=\"wp-image-905\" style=\"width:226px;height:auto\" srcset=\"https:\/\/www.foto-tichy.cz\/wp-content\/uploads\/2025\/12\/Podpis-jmeno_web.png 1024w, https:\/\/www.foto-tichy.cz\/wp-content\/uploads\/2025\/12\/Podpis-jmeno_web-300x300.png 300w, https:\/\/www.foto-tichy.cz\/wp-content\/uploads\/2025\/12\/Podpis-jmeno_web-150x150.png 150w, https:\/\/www.foto-tichy.cz\/wp-content\/uploads\/2025\/12\/Podpis-jmeno_web-768x768.png 768w, https:\/\/www.foto-tichy.cz\/wp-content\/uploads\/2025\/12\/Podpis-jmeno_web-860x860.png 860w\" sizes=\"auto, (max-width: 1024px) 100vw, 1024px\" \/><\/figure>\n<\/div>\n\n\n<div class=\"wp-block-group alignfull has-background-color has-white-color has-black-background-color has-text-color has-background has-link-color wp-elements-704432683c966ad693bb620c1ab6ee37 is-vertical is-content-justification-stretch is-layout-flex wp-container-core-group-is-layout-47eb2bc5 wp-block-group-is-layout-flex\" style=\"min-height:40vh;margin-top:0;margin-bottom:0;padding-top:var(--wp--preset--spacing--60);padding-right:var(--wp--preset--spacing--40);padding-bottom:var(--wp--preset--spacing--60);padding-left:var(--wp--preset--spacing--40)\">\n<div class=\"wp-block-columns alignwide has-small-font-size is-layout-flex wp-container-core-columns-is-layout-9d6595d7 wp-block-columns-is-layout-flex\">\n<div class=\"wp-block-column is-layout-flow wp-block-column-is-layout-flow\">\n<p class=\"has-text-align-center\">Adresa<\/p>\n\n\n\n<p class=\"has-text-align-center\">Palack\u00e9ho t\u0159\u00edda 51\/20,&nbsp;<br>Nymburk, PS\u010c 288 02<br>\u010cesk\u00e1 republika<\/p>\n\n\n\n<div style=\"height:24px\" aria-hidden=\"true\" class=\"wp-block-spacer\"><\/div>\n<\/div>\n\n\n\n<div class=\"wp-block-column is-layout-flow wp-block-column-is-layout-flow\">\n<p class=\"has-text-align-center\">str\u00e1nky<\/p>\n\n\n<nav class=\"has-small-font-size items-justified-center is-vertical no-wrap wp-block-navigation is-content-justification-center is-nowrap is-layout-flex wp-container-core-navigation-is-layout-685400d0 wp-block-navigation-is-layout-flex\" aria-label=\"Navigace 3\"><ul class=\"wp-block-navigation__container has-small-font-size items-justified-center is-vertical no-wrap wp-block-navigation has-small-font-size\"><li class=\"has-small-font-size wp-block-navigation-item wp-block-navigation-link\"><a class=\"wp-block-navigation-item__content\"  href=\"https:\/\/www.foto-tichy.cz\/?page_id=192\"><span class=\"wp-block-navigation-item__label\">Atelier<\/span><\/a><\/li><li class=\"has-small-font-size wp-block-navigation-item wp-block-navigation-link\"><a class=\"wp-block-navigation-item__content\"  href=\"http:\/\/www.foto-tichy.cz\/?page_id=173\"><span class=\"wp-block-navigation-item__label\">.. o mn\u011b<\/span><\/a><\/li><li class=\"has-small-font-size wp-block-navigation-item wp-block-navigation-link\"><a class=\"wp-block-navigation-item__content\"  href=\"https:\/\/www.fototichy.com\/\" target=\"_blank\"  ><span class=\"wp-block-navigation-item__label\">st\u00e1vaj\u00edc\u00ed str\u00e1nky<\/span><\/a><\/li><li class=\"has-small-font-size wp-block-navigation-item wp-block-navigation-link\"><a class=\"wp-block-navigation-item__content\"  href=\"https:\/\/shop.fotomarket.cz\/\" target=\"_blank\"  ><span class=\"wp-block-navigation-item__label\">E-Shop Fotomarket<\/span><\/a><\/li><\/ul><\/nav>\n\n\n<div style=\"height:24px\" aria-hidden=\"true\" class=\"wp-block-spacer\"><\/div>\n<\/div>\n\n\n\n<div class=\"wp-block-column is-layout-flow wp-block-column-is-layout-flow\">\n<p class=\"has-text-align-center\">Follow us<\/p>\n\n\n\n<div class=\"wp-block-group is-vertical is-content-justification-center is-layout-flex wp-container-core-group-is-layout-bdd043ae wp-block-group-is-layout-flex\">\n<p><a href=\"https:\/\/www.facebook.com\/fotoateliertichy\" target=\"_blank\" rel=\"noreferrer noopener\">Facebook<\/a><\/p>\n\n\n\n<p><a href=\"https:\/\/www.instagram.com\/fotoatelier_tichy\/\" target=\"_blank\" rel=\"noreferrer noopener\">Instagram<\/a><\/p>\n<\/div>\n\n\n\n<div style=\"height:24px\" aria-hidden=\"true\" class=\"wp-block-spacer\"><\/div>\n<\/div>\n<\/div>\n\n\n\n<div class=\"wp-block-group alignwide is-content-justification-center is-layout-flex wp-container-core-group-is-layout-5590e8cb wp-block-group-is-layout-flex\">\n<p class=\"has-text-align-center has-small-font-size\">Vytvo\u0159il Petr Tich\u00fd,   2023<\/p>\n<\/div>\n<\/div>\n","protected":false},"excerpt":{"rendered":"<p>Petr Tich\u00fd Fotografii se v\u011bnuji v\u00edc ne\u017e 20 let. Za tu dobu jsem stihl poznat, \u017ee opravdu dobr\u00e1 fotka nen\u00ed o dokonal\u00e9 p\u00f3ze nebo drah\u00e9 technice, ale o atmosf\u00e9\u0159e.O sv\u011btle, o klidu, o d\u016fv\u011b\u0159e.A hlavn\u011b o lidech. Fot\u00edm svatby, rodiny, d\u011bti i portr\u00e9ty v ateli\u00e9ru. Ka\u017ed\u00fd typ focen\u00ed m\u00e1 sv\u016fj vlastn\u00ed rytmus a energii \u2014 &hellip; <\/p>\n","protected":false},"author":1,"featured_media":342,"parent":0,"menu_order":0,"comment_status":"closed","ping_status":"closed","template":"","meta":{"footnotes":""},"class_list":["post-173","page","type-page","status-publish","has-post-thumbnail","hentry"],"_links":{"self":[{"href":"https:\/\/www.foto-tichy.cz\/index.php?rest_route=\/wp\/v2\/pages\/173","targetHints":{"allow":["GET"]}}],"collection":[{"href":"https:\/\/www.foto-tichy.cz\/index.php?rest_route=\/wp\/v2\/pages"}],"about":[{"href":"https:\/\/www.foto-tichy.cz\/index.php?rest_route=\/wp\/v2\/types\/page"}],"author":[{"embeddable":true,"href":"https:\/\/www.foto-tichy.cz\/index.php?rest_route=\/wp\/v2\/users\/1"}],"replies":[{"embeddable":true,"href":"https:\/\/www.foto-tichy.cz\/index.php?rest_route=%2Fwp%2Fv2%2Fcomments&post=173"}],"version-history":[{"count":28,"href":"https:\/\/www.foto-tichy.cz\/index.php?rest_route=\/wp\/v2\/pages\/173\/revisions"}],"predecessor-version":[{"id":916,"href":"https:\/\/www.foto-tichy.cz\/index.php?rest_route=\/wp\/v2\/pages\/173\/revisions\/916"}],"wp:featuredmedia":[{"embeddable":true,"href":"https:\/\/www.foto-tichy.cz\/index.php?rest_route=\/wp\/v2\/media\/342"}],"wp:attachment":[{"href":"https:\/\/www.foto-tichy.cz\/index.php?rest_route=%2Fwp%2Fv2%2Fmedia&parent=173"}],"curies":[{"name":"wp","href":"https:\/\/api.w.org\/{rel}","templated":true}]}}

o mně

<h2 class="wp-block-heading has-large-font-size"><strong>Petr Tichý</strong></h2>



<div class="wp-block-media-text alignwide is-stacked-on-mobile is-vertically-aligned-center has-background" style="background-color:#fffdea;grid-template-columns:41% auto"><figure class="wp-block-media-text__media"><img loading="lazy" decoding="async" width="514" height="483" src="http://www.foto-tichy.cz/wp-content/uploads/2024/09/Petr-1.jpg" alt="" class="wp-image-34 size-full" srcset="https://www.foto-tichy.cz/wp-content/uploads/2024/09/Petr-1.jpg 514w, https://www.foto-tichy.cz/wp-content/uploads/2024/09/Petr-1-300x282.jpg 300w" sizes="auto, (max-width: 514px) 100vw, 514px" /></figure><div class="wp-block-media-text__content">
<div class="wp-block-group" style="padding-top:2em;padding-right:2em;padding-bottom:2em;padding-left:2em"><div class="wp-block-group__inner-container is-layout-flow wp-block-group-is-layout-flow">
<p class="has-medium-font-size" style="line-height:1.2"><em>Jsem fotograf specializující se na svatební obřady a ateliérovou fotografii již více než 25 let. Během těchto let jsem nasbíral bohaté zkušenosti, které v kombinaci s profesionální výbavou a vstřícným přístupem vedou k vynikajícím výsledkům a pozitivním ohlasům od zákazníků.</em></p>



<p style="font-size:18px">tel.: 602 624715&nbsp;<br>atelier@foto-tichy.cz<br>Palackého třída 51/20<br>Nymburk, 288 02<br>IČ: 76406865</p>
</div></div>
</div></div>



<p>Fotografii se věnuji víc než 20 let. Za tu dobu jsem stihl poznat, že opravdu dobrá fotka není o dokonalé póze nebo drahé technice, ale o atmosféře.<br>O světle, o klidu, o důvěře.<br>A hlavně o lidech.</p>



<p>Fotím svatby, rodiny, děti i portréty v ateliéru. Každý typ focení má svůj vlastní rytmus a energii — a mě baví hledat způsoby, jak je zachytit přirozeně.<br>Ať už jde o emoce svatebního dne, uvolněnou rodinnou chvíli nebo jemný portrét v ateliéru, mým cílem je, aby fotografie působily opravdově a měly pro vás trvalou hodnotu.</p>



<p>Ateliér je pro mě místo, kde se dá tvořit v úplném klidu. Pracuji s jemným světlem, čistou kompozicí a scénami, které pravidelně obměňuji, aby měly snímky svůj vlastní charakter.<br>Mám rád, když si klienti odnášejí nejen výsledné fotografie, ale i příjemný zážitek z celého focení — chvíli, kdy je možné zpomalit, nadechnout se a být sami sebou.</p>



<p>U svatebního focení zase oceňuji tu směs emocí, světla a atmosféry, která se nedá naplánovat.<br>Každá svatba má jiný příběh a jiný tep. A já se snažím být nejen fotografem, ale tichým pozorovatelem, který zachytí momenty, jež by jinak utekly.</p>



<p>V dnešní rychlé době se spousta věcí mění — trendy, zážitky i dny, které utečou dřív, než si je stihneme užít.<br>O to víc věřím tomu, že stojí za to uchovat chvíle, které mají opravdový smysl.<br>Krátké okamžiky, které díky fotografii zůstanou živé. Ne jako strojená póza, ale jako vzpomínka, ke které se můžete kdykoli vrátit.</p>



<p><strong>Mým přáním je, aby moje fotografie dokázaly i po letech vyvolat stejné pocity, jaké jste prožívali v ten den.</strong><br>Ať už jde o svatbu, rodinné focení, těhotenský portrét nebo první týdny s miminkem.</p>



<p>Zakládám si na klidu, úctě a atmosféře, kde můžete být sami sebou.<br>A pokud vás moje fotografie osloví, bude mi ctí stát u vašeho příběhu i s fotoaparátem.</p>


<div class="wp-block-image">
<figure class="alignright size-full is-resized"><img loading="lazy" decoding="async" width="1024" height="1024" src="http://www.foto-tichy.cz/wp-content/uploads/2025/12/Podpis-jmeno_web.png" alt="" class="wp-image-905" style="width:226px;height:auto" srcset="https://www.foto-tichy.cz/wp-content/uploads/2025/12/Podpis-jmeno_web.png 1024w, https://www.foto-tichy.cz/wp-content/uploads/2025/12/Podpis-jmeno_web-300x300.png 300w, https://www.foto-tichy.cz/wp-content/uploads/2025/12/Podpis-jmeno_web-150x150.png 150w, https://www.foto-tichy.cz/wp-content/uploads/2025/12/Podpis-jmeno_web-768x768.png 768w, https://www.foto-tichy.cz/wp-content/uploads/2025/12/Podpis-jmeno_web-860x860.png 860w" sizes="auto, (max-width: 1024px) 100vw, 1024px" /></figure>
</div>


<div class="wp-block-group alignfull has-background-color has-white-color has-black-background-color has-text-color has-background has-link-color wp-elements-704432683c966ad693bb620c1ab6ee37 is-vertical is-content-justification-stretch is-layout-flex wp-container-core-group-is-layout-47eb2bc5 wp-block-group-is-layout-flex" style="min-height:40vh;margin-top:0;margin-bottom:0;padding-top:var(--wp--preset--spacing--60);padding-right:var(--wp--preset--spacing--40);padding-bottom:var(--wp--preset--spacing--60);padding-left:var(--wp--preset--spacing--40)">
<div class="wp-block-columns alignwide has-small-font-size is-layout-flex wp-container-core-columns-is-layout-9d6595d7 wp-block-columns-is-layout-flex">
<div class="wp-block-column is-layout-flow wp-block-column-is-layout-flow">
<p class="has-text-align-center">Adresa</p>



<p class="has-text-align-center">Palackého třída 51/20,&nbsp;<br>Nymburk, PSČ 288 02<br>Česká republika</p>



<div style="height:24px" aria-hidden="true" class="wp-block-spacer"></div>
</div>



<div class="wp-block-column is-layout-flow wp-block-column-is-layout-flow">
<p class="has-text-align-center">stránky</p>


<nav class="has-small-font-size items-justified-center is-vertical no-wrap wp-block-navigation is-content-justification-center is-nowrap is-layout-flex wp-container-core-navigation-is-layout-685400d0 wp-block-navigation-is-layout-flex" aria-label="Navigace 3"><ul class="wp-block-navigation__container has-small-font-size items-justified-center is-vertical no-wrap wp-block-navigation has-small-font-size"><li class="has-small-font-size wp-block-navigation-item wp-block-navigation-link"><a class="wp-block-navigation-item__content"  href="https://www.foto-tichy.cz/?page_id=192"><span class="wp-block-navigation-item__label">Atelier</span></a></li><li class="has-small-font-size wp-block-navigation-item wp-block-navigation-link"><a class="wp-block-navigation-item__content"  href="http://www.foto-tichy.cz/?page_id=173"><span class="wp-block-navigation-item__label">.. o mně</span></a></li><li class="has-small-font-size wp-block-navigation-item wp-block-navigation-link"><a class="wp-block-navigation-item__content"  href="https://www.fototichy.com/" target="_blank"  ><span class="wp-block-navigation-item__label">stávající stránky</span></a></li><li class="has-small-font-size wp-block-navigation-item wp-block-navigation-link"><a class="wp-block-navigation-item__content"  href="https://shop.fotomarket.cz/" target="_blank"  ><span class="wp-block-navigation-item__label">E-Shop Fotomarket</span></a></li></ul></nav>


<div style="height:24px" aria-hidden="true" class="wp-block-spacer"></div>
</div>



<div class="wp-block-column is-layout-flow wp-block-column-is-layout-flow">
<p class="has-text-align-center">Follow us</p>



<div class="wp-block-group is-vertical is-content-justification-center is-layout-flex wp-container-core-group-is-layout-bdd043ae wp-block-group-is-layout-flex">
<p><a href="https://www.facebook.com/fotoateliertichy" target="_blank" rel="noreferrer noopener">Facebook</a></p>



<p><a href="https://www.instagram.com/fotoatelier_tichy/" target="_blank" rel="noreferrer noopener">Instagram</a></p>
</div>



<div style="height:24px" aria-hidden="true" class="wp-block-spacer"></div>
</div>
</div>



<div class="wp-block-group alignwide is-content-justification-center is-layout-flex wp-container-core-group-is-layout-5590e8cb wp-block-group-is-layout-flex">
<p class="has-text-align-center has-small-font-size">Vytvořil Petr Tichý,   2023</p>
</div>
</div>

<p>Petr Tichý Fotografii se věnuji víc než 20 let. Za tu dobu jsem stihl poznat, že opravdu dobrá fotka není o dokonalé póze nebo drahé technice, ale o atmosféře.O světle, o klidu, o důvěře.A hlavně o lidech. Fotím svatby, rodiny, děti i portréty v ateliéru. Každý typ focení má svůj vlastní rytmus a energii — &hellip; </p>
